{"id":13,"date":"2024-04-29T16:44:04","date_gmt":"2024-04-29T16:44:04","guid":{"rendered":"https:\/\/kunstneriskpraksis.no\/?page_id=13"},"modified":"2024-04-29T17:57:33","modified_gmt":"2024-04-29T17:57:33","slug":"om-meg","status":"publish","type":"page","link":"https:\/\/kunstneriskpraksis.no\/index.php\/om-meg\/","title":{"rendered":"Om meg"},"content":{"rendered":"\n<p>Jeg har en todelt bakgrunn som b\u00e5de kunstnerisk sanger og performer med lang praktisk erfaring &#8211; og som akademiker innen teatervitenskap med gradene cand. philol ved UiO og dr. philos ved NTNU.<\/p>\n\n\n\n<p>Et poeng for meg i den lille boken, er at den kunstneriske, kunstskapende og ut\u00f8vende praksis som jeg beskriver og reflekterer over, er l\u00f8srevet\u00a0fra min vitenskapelige bakgrunn.<\/p>\n\n\n\n<p>Det kunstneriske handler om den ut\u00f8vende og skapende prosessen som ligger mellom kunsten og kunstneren. Alle de valgene jeg m\u00e5 ta som kunstner, om nye m\u00e5ter \u00e5 gj\u00f8re ting p\u00e5, hva jeg skal og ikke skal, hvordan jeg forkaster nye ideer og finner nye innfallsvinkler, er eksempler p\u00e5 den kunstneriske utviklingsprosessen. Kunsten er fri, den er kunstnerisk fundert og ikke vitenskapelig.<\/p>\n\n\n\n<p>Det \u00e5 formidle refleksjoner i etterkant av egen kunstnerisk praksis om hva som gj\u00f8res, hvordan og hvorfor det er gjort,&nbsp;er den kunnskapsutviklingen jeg brenner for i kunstnerisk praksis.<\/p>\n","protected":false},"excerpt":{"rendered":"<p>Jeg har en todelt bakgrunn som b\u00e5de kunstnerisk sanger og performer med lang praktisk erfaring &#8211; og som akademiker innen teatervitenskap med gradene cand. philol ved UiO og dr. philos ved NTNU. Et poeng for meg i den lille boken, er at den kunstneriske, kunstskapende og ut\u00f8vende praksis som jeg beskriver og reflekterer over, er &#8230; <a title=\"Om meg\" class=\"read-more\" href=\"https:\/\/kunstneriskpraksis.no\/index.php\/om-meg\/\" aria-label=\"Read more about Om meg\">Les mer<\/a><\/p>\n","protected":false},"author":1,"featured_media":0,"parent":0,"menu_order":0,"comment_status":"closed","ping_status":"closed","template":"","meta":{"footnotes":""},"class_list":["post-13","page","type-page","status-publish"],"_links":{"self":[{"href":"https:\/\/kunstneriskpraksis.no\/index.php\/wp-json\/wp\/v2\/pages\/13","targetHints":{"allow":["GET"]}}],"collection":[{"href":"https:\/\/kunstneriskpraksis.no\/index.php\/wp-json\/wp\/v2\/pages"}],"about":[{"href":"https:\/\/kunstneriskpraksis.no\/index.php\/wp-json\/wp\/v2\/types\/page"}],"author":[{"embeddable":true,"href":"https:\/\/kunstneriskpraksis.no\/index.php\/wp-json\/wp\/v2\/users\/1"}],"replies":[{"embeddable":true,"href":"https:\/\/kunstneriskpraksis.no\/index.php\/wp-json\/wp\/v2\/comments?post=13"}],"version-history":[{"count":2,"href":"https:\/\/kunstneriskpraksis.no\/index.php\/wp-json\/wp\/v2\/pages\/13\/revisions"}],"predecessor-version":[{"id":55,"href":"https:\/\/kunstneriskpraksis.no\/index.php\/wp-json\/wp\/v2\/pages\/13\/revisions\/55"}],"wp:attachment":[{"href":"https:\/\/kunstneriskpraksis.no\/index.php\/wp-json\/wp\/v2\/media?parent=13"}],"curies":[{"name":"wp","href":"https:\/\/api.w.org\/{rel}","templated":true}]}}