{"id":2,"date":"2024-04-29T14:13:05","date_gmt":"2024-04-29T14:13:05","guid":{"rendered":"https:\/\/kunstneriskpraksis.no\/?page_id=2"},"modified":"2024-05-14T16:35:51","modified_gmt":"2024-05-14T16:35:51","slug":"sample-page","status":"publish","type":"page","link":"https:\/\/kunstneriskpraksis.no\/","title":{"rendered":"Kunstnerisk praksis p\u00e5 ramme alvor"},"content":{"rendered":"\n<h4 class=\"wp-block-heading\">Veien ut \u2013 en refleksjonstekst<\/h4>\n\n\n\n<p>En blackout p\u00e5 scenen fikk store konsekvenser for meg og mitt kunstnerskap i lang tid. Mange har opplevd det samme: plutselig skjer noe uventet, og en blokkering oppst\u00e5r. Gjennom eksperimenter med scenelyssirkelen fant jeg min vei tilbake. Erfarer du ulike former for barrierer som blokkerer for ut\u00f8vende og skapende kunst, h\u00e5per jeg boken min vil gi hjelp og inspirasjon.<\/p>\n\n\n\n<p>Boken&nbsp;<em>Kunstnerisk praksis p\u00e5 ramme alvor. Veien ut. En<\/em> <em>refleksjonstekst&nbsp;<\/em>handler om kunstnerisk praksis og hvordan jeg bygger meg opp etter en blackout p\u00e5 scenen der ordene forsvant for meg som ut\u00f8vende sanger og performer. Det indre rommet som all min kunst springer ut fra, ble blokkert. Jeg mistet min kunstneriske \u00e5penhet og frihet. Hendelsen ble til en verkebyll og en barriere jeg ikke visste hvordan jeg skulle komme over. Historien forklarer hvordan kunstneriske metoder gjennom eksperimentering, pr\u00f8ving og feiling kan \u00e5pne det indre rommet slik at det er mulig \u00e5 komme tilbake til det som f\u00f8r var et \u00e5pent handlingsrom.&nbsp;<\/p>\n\n\n\n<p>Arbeidet med \u00e5 bli kvitt verkebyllen og barrieren startet som et praktisk eksperiment med scenelysets sirkler. Jeg har som ut\u00f8vende performer og sanger alltid v\u00e6rt opptatt av scenelysets sirkler og mitt fokus i scenelyset. Jeg hadde lang erfaring med \u00e5 bevege meg i scenelyset i mange produksjoner. Jeg bestemte meg derfor for \u00e5 eksperimentere med scenelyssirkler for \u00e5 fors\u00f8ke \u00e5 skape fra et sted inne i meg. Jeg m\u00e5tte oppdage meg selv og det indre rommet p\u00e5 nytt der jeg kunne skape. Jeg fant til slutt dette rommet i David Lamelas\u2019 spotlight. Oppdagelsen av nye muligheter er kjernen i boken.<\/p>\n\n\n\n<figure class=\"wp-block-video\"><video height=\"368\" style=\"aspect-ratio: 564 \/ 368;\" width=\"564\" controls src=\"https:\/\/kunstneriskpraksis.no\/wp-content\/uploads\/2024\/04\/lamelas-2.mp4\"><\/video><\/figure>\n\n\n\n<p><\/p>\n\n\n\n<p>Videoen viser at jeg er tett p\u00e5 meg selv. Den illustrerer imagin\u00e6re grenser rundt meg som ikke er synlige, men som jeg f\u00f8ler og fornemmer i det jeg beveger meg i sirkelen. De er som et skjold som beskytter samtidig som jeg er fullt opplyst. Jeg er inne i sirkelen, og det jeg gj\u00f8r, kommer fra et sted inne i meg, det indre rommet. Det er kreative handlinger i spontane bevegelser. Radiusen i sirkelen er skarp og tydelig. Den \u00e5pner opp for spontane bevegelser. I boken beskriver jeg mer konkret hva jeg gjorde i sirkelen og som videoen illustrerer. <\/p>\n\n\n\n<p>Nettsiden er under utvikling.<\/p>\n\n\n\n<p class=\"has-contrast-color has-text-color has-link-color wp-elements-60bf8c67e2b6a9a3c02661d382b116e1\"><\/p>\n\n\n\n<p><\/p>\n","protected":false},"excerpt":{"rendered":"<p>Veien ut \u2013 en refleksjonstekst En blackout p\u00e5 scenen fikk store konsekvenser for meg og mitt kunstnerskap i lang tid. Mange har opplevd det samme: plutselig skjer noe uventet, og en blokkering oppst\u00e5r. Gjennom eksperimenter med scenelyssirkelen fant jeg min vei tilbake. Erfarer du ulike former for barrierer som blokkerer for ut\u00f8vende og skapende kunst, &#8230; <a title=\"Kunstnerisk praksis p\u00e5 ramme alvor\" class=\"read-more\" href=\"https:\/\/kunstneriskpraksis.no\/\" aria-label=\"Read more about Kunstnerisk praksis p\u00e5 ramme alvor\">Les mer<\/a><\/p>\n","protected":false},"author":1,"featured_media":0,"parent":0,"menu_order":0,"comment_status":"closed","ping_status":"open","template":"","meta":{"footnotes":""},"class_list":["post-2","page","type-page","status-publish"],"_links":{"self":[{"href":"https:\/\/kunstneriskpraksis.no\/index.php\/wp-json\/wp\/v2\/pages\/2","targetHints":{"allow":["GET"]}}],"collection":[{"href":"https:\/\/kunstneriskpraksis.no\/index.php\/wp-json\/wp\/v2\/pages"}],"about":[{"href":"https:\/\/kunstneriskpraksis.no\/index.php\/wp-json\/wp\/v2\/types\/page"}],"author":[{"embeddable":true,"href":"https:\/\/kunstneriskpraksis.no\/index.php\/wp-json\/wp\/v2\/users\/1"}],"replies":[{"embeddable":true,"href":"https:\/\/kunstneriskpraksis.no\/index.php\/wp-json\/wp\/v2\/comments?post=2"}],"version-history":[{"count":14,"href":"https:\/\/kunstneriskpraksis.no\/index.php\/wp-json\/wp\/v2\/pages\/2\/revisions"}],"predecessor-version":[{"id":97,"href":"https:\/\/kunstneriskpraksis.no\/index.php\/wp-json\/wp\/v2\/pages\/2\/revisions\/97"}],"wp:attachment":[{"href":"https:\/\/kunstneriskpraksis.no\/index.php\/wp-json\/wp\/v2\/media?parent=2"}],"curies":[{"name":"wp","href":"https:\/\/api.w.org\/{rel}","templated":true}]}}